 and 306.
34
Let t(g) = -27*g + 2685. Let r be t(98). What is the greatest common factor of 975 and r?
39
Let m = -141 + 147. Let j(v) = v**3 - 5*v**2 + 2*v - 12. Let o be j(m). What is the highest common factor of o and 90?
18
Let b be (-391)/1955 - (-1801)/5. Calculate the highest common factor of b and 2664.
72
Let r(h) = -h**3 + 58*h**2 - 88*h - 288. Let x be r(56). What is the highest common divisor of x and 231?
33
Suppose -48211 = -33*q - 45175. What is the highest common divisor of 4830 and q?
46
Suppose 0 = -2*j + 5*n + 69542, 247*n = -5*j + 250*n + 173874. What is the highest common divisor of j and 189?
189
Let o be ((-100)/(-60) - -21)/(4/3246). Calculate the highest common divisor of 68 and o.
34
Suppose -116*k + 33 = -105*k. Suppose -24 = -l + 5*p, -k*l = -3*p - 61 + 13. Let s = -28 - -63. Calculate the greatest common divisor of l and s.
7
Let l(m) = -m**3 + 16*m**2 - 44*m + 33. Let f be l(6). What is the greatest common divisor of 27 and f?
3
Let t(g) = 10*g + 294. Let q be t(-29). Let f be (-1)/q - (-118300)/112. Calculate the highest common factor of f and 16.
16
Suppose -19 - 81 = -4*u. Let j = 10 - 3. Suppose -j*h = -5*h - 10. What is the greatest common factor of h and u?
5
Suppose 0 = 178*m - 185*m + 231. Suppose -37 = -j + f + m, 0 = -f - 5. Let k = 49 + -23. Calculate the highest common factor of j and k.
13
Let f(q) = -47 - 3*q + 12*q - 2*q + 32*q. Let g be f(8). What is the highest common divisor of g and 106?
53
Let z be (-4)/8 - (-4914)/36. Calculate the highest common factor of 85 and z.
17
Let u(y) = -2*y**3 + 22*y**2 - 3*y + 34. Let l be u(11). Let f be ((-360)/168)/(l/(-35)). What is the highest common factor of f and 3?
3
Suppose 1144*y + 94 = 1149*y + v, 2*y - 52 = -4*v. What is the highest common divisor of 254 and y?
2
Let d = -7 - -9. Suppose 2*b + 12*b - 406 = 0. Suppose b*j = -3*j + 320. Calculate the highest common factor of d and j.
2
Let r(y) be the first derivative of 12*y**2 - 6*y + 18. Let m be r(3). Suppose 0 = -7*a + 6*a + m. What is the greatest common divisor of 6 and a?
6
Let u(s) = -21*s - 12. Let i be u(17). Let x = i - -100. Let g = -174 - x. Calculate the highest common divisor of g and 38.
19
Suppose -5*d + 308 = -3*a, -28*a = -d - 23*a + 66. Suppose 3*s - 425 = -5*n, -s = -3*n + d + 208. Calculate the greatest common divisor of 22 and n.
22
Let y be ((-1)/(-3) + 2)*54. Suppose -3*r + 5 = 4*u - 12, 0 = -u - 5*r. Suppose 14 + 56 = u*m. What is the highest common factor of y and m?
14
Let x(a) = 3*a**2 - 13*a + 39. Suppose -20 = 2*l - 30. Let q be x(l). What is the greatest common factor of q and 21?
7
Suppose -924*j + 892*j + 4992 = 0. What is the highest common divisor of 66 and j?
6
Suppose 3*u - 102 = -26*m + 25*m, -18 = 3*m. Let x be (0 + -7)/((-1)/9). Calculate the greatest common factor of x and u.
9
Let z = -6558 - -7856. What is the greatest common factor of 88 and z?
22
Let h = 28038 - 27669. Calculate the highest common factor of h and 2173.
41
Suppose -1327 = -5*s + 2793. Suppose -3*z - 3291 = -5*v, s = -2*v - 3*z + 2132. Calculate the highest common factor of v and 146.
73
Suppose -53 = -3*z + g, 4*z + 16386*g - 100 = 16390*g. Let k be (-313)/(-5) + (-4)/(-10). What is the greatest common factor of k and z?
7
Let q be 2/(-2) + (3 - -324). Let x = 516 - q. What is the highest common factor of 10 and x?
10
Let n be (-1)/2 - (-306)/4 - -3. Suppose 6*c - c - n = -b, -c = -1. Let a be (-12)/42 + b/14. What is the greatest common factor of 1 and a?
1
Let w = -243 - -260. Suppose n + 3*u = 125, n - 244 = -n - 3*u. Calculate the greatest common divisor of w and n.
17
Suppose -4*m - 40 = -704. Let u = m - 96. Let b be (-1)/(3/(-30)*1). What is the highest common factor of u and b?
10
Let w(i) = 5*i**2 + 27*i - 8. Suppose 5*m + 40 - 10 = 0. Let h be w(m). What is the highest common factor of 30 and h?
10
Suppose 4*q + 3*d - 324 = 0, -3*d - 584 + 179 = -5*q. Let z be (2 - -32) + (0 - -2). What is the highest common factor of z and q?
9
Suppose -146*b + 221184 = 101*b + 265*b. What is the greatest common factor of 264 and b?
24
Suppose -72*r + 71*r + 157 = -4*c, -c = 3*r - 380. What is the highest common divisor of 23349 and r?
129
Let z(f) = -3*f**2 - 85*f - 446. Let k be z(-7). Calculate the greatest common divisor of 317 and k.
1
Let j = 3464 - 3301. Calculate the greatest common divisor of j and 3097.
163
Suppose -36*n + 832 + 32 = 0. Calculate the greatest common divisor of n and 17256.
24
Let a = -304 - -440. Let s = -57 + a. Suppose -3*i + 86 = -s. What is the greatest common factor of 11 and i?
11
Let t = 93 - -43. Let h be 1/((-100)/34 - -3). What is the greatest common factor of t and h?
17
Suppose 0 = -5*z + 2*u + 119, -u - 15 = 2*z - 59. What is the greatest common divisor of z and 29?
1
Let s be 10 + 10 + -9 - -1395. What is the greatest common factor of 57 and s?
19
Suppose 32412 + 23397 = 53*t. Calculate the greatest common divisor of 104 and t.
13
Suppose -z = 8, -13321 = -2*s - 36*z + 33367. Calculate the greatest common factor of 64 and s.
64
Let w = 750 - 715. What is the greatest common divisor of w and 1687?
7
Suppose 0 = -75*d + 65*d + 40. Let i be (-48)/90*-5 - d/(-3). Calculate the greatest common divisor of i and 32.
4
Let c(i) = -i**3 + 14*i**2 + 15*i + 18. Let g be c(15). Calculate the highest common factor of g and 27.
9
Let u be 11 + (-260)/24 - (-5243)/6. Let b = u + -370. What is the highest common divisor of b and 56?
56
Let t be ((12/15)/(-2))/((-8)/1440*9). Calculate the greatest common divisor of 4952 and t.
8
Let d(h) = -h**2 - 4*h - 10. Let n be d(-2). Let f be n - 2/1*-33. Calculate the greatest common factor of 90 and f.
30
Let w(z) = -25*z + 852. Let y be w(34). Let u = -6 - -10. Suppose 0 = 4*b + u*v - 18 - 2, 4*v + 40 = 2*b. Calculate the highest common divisor of y and b.
2
Let i(t) = -t**3 + 12*t**2 + 7*t + 22. Let d be i(13). Let r = d - -87. What is the highest common divisor of 248 and r?
31
Let n be (-12)/2 + 5 - 181/(-1). Suppose -4*h + n = 6*h. Calculate the greatest common factor of 6 and h.
6
Let k be (-6)/24 + (-123)/(-12). Suppose -5*c + k = -5. Let b = -189 - -192. What is the greatest common divisor of c and b?
3
Suppose p + 40 = 5*p. Let v be (-4)/p - 814/(-10). Suppose 0 = -3*m - 22*m - 3 + 228. Calculate the greatest common divisor of m and v.
9
Let z = -2128 - -2736. Calculate the greatest common divisor of 190 and z.
38
Let p(l) = -l**3 - 11*l**2 + 49. Let n be p(-8). Let w = n - -157. What is the greatest common divisor of 238 and w?
14
Let r be -4*5*(-1)/(-1). Suppose 0 = 128*j - 157*j - 1102. Let k = r - j. What is the highest common factor of 72 and k?
18
Let b(p) be the first derivative of 21*p**2/2 + p - 3. Let a be b(1). Calculate the highest common factor of a and 154.
22
Let y = 118 - 116. Let m be 2/(-7) + y - (-62)/217. Let n be 6/(-2)*(-14)/3. What is the highest common factor of n and m?
2
Let i(u) = u**3 - u**2 + u. Let y be i(0). Let t(n) = n**2 + 2*n + 4. Let l be t(y). Let c = 53 - 1. Calculate the highest common factor of l and c.
4
Suppose 2*s - 119 = 5*k + 207, 3*s + 4*k = 512. Let y = s + -138. Calculate the highest common factor of y and 15.
15
Let g be -1 + 5 - -15 - -1. Let a(t) be the first derivative of 161*t**3/3 - t**2 + t - 4. Let v be a(1). Calculate the highest common divisor of g and v.
20
Suppose 99 = z - 4*r, 19*z + 226 = 21*z - r. What is the greatest common divisor of z and 5405?
115
Let q be 2 - ((0 - 2) + -37). Let m = -328 + 331. Let y be 15/m - 4 - -286. Calculate the highest common factor of q and y.
41
Let h = 12 - -39. Let n = 77 - h. Suppose -2*t + n = 4. What is the greatest common divisor of 88 and t?
11
Suppose -3*j = -11*q + 12*q - 2207, -4*j + 2947 = -3*q. Suppose 39*r + j = 55*r. What is the greatest common divisor of 161 and r?
23
Let t be ((-119)/7 + 3)*(-82896)/56. Calculate the highest common divisor of t and 132.
132
Suppose -30 + 5 = 5*r. Let c(n) = -n**3 - 4*n**2 - 4*n + 11. Let h be c(r). Let j = 2 - -12. Calculate the greatest common factor of h and j.
14
Let n = 35 + 150. Let f = -179 + n. What is the greatest common divisor of 54 and f?
6
Let p be (2/(-4))/((-40)/21600). Let o = p + -264. What is the highest common factor of o and 90?
6
Let i be 6/6 - (-2 - 3). Let 